r of w and s?
9
Suppose 206 = -17*g + 1141. Suppose 0 = -2*q + 151 - g. Calculate the highest common factor of 12 and q.
12
Let p(z) = -2*z**3 - 24*z**2 - 15*z - 9. Let m be p(-10). Let b be (-2 - -2)/2 + m. Let o = 391 + b. Calculate the greatest common factor of 88 and o.
44
Let f = -2515 + 2557. Calculate the greatest common divisor of 140 and f.
14
Suppose 41*g = -2*z + 39*g + 448, -3*z = -3*g - 654. Let c = -30 + 43. Calculate the highest common factor of z and c.
13
Suppose -2522 = 269*r - 366*r. Let k(m) = 5*m**2 - 4*m + 4. Let d be k(-6). Calculate the highest common divisor of d and r.
26
Let g be 18/15 + (-3176)/(-20). Let u = 187 - g. Calculate the highest common divisor of 351 and u.
27
Let n(w) = 4*w**3 - 8*w**2 - 25*w + 6. Let j be n(13). What is the highest common factor of j and 22?
11
Let u(r) = -2*r**2 + 39*r - 39. Let g be u(17). Suppose 3*y - 4*y + 171 = 0. Let c = y + -79. What is the greatest common divisor of g and c?
46
Suppose -93 = -a - 9*c + 8*c, 4*c = a - 83. What is the greatest common factor of a and 143?
13
Let a = -112 - -88. Let l be ((-45)/2)/(12/a). Let n be 501/33 + 4/(-22). What is the greatest common factor of n and l?
15
Let l be 120*((-13572)/(-48))/39. Calculate the greatest common divisor of 2958 and l.
174
Let a = -11 - -16. Suppose 0 = d - a*c - 1008, -3*d + 2*d + 1010 = -3*c. Let b = d - 669. Calculate the greatest common factor of 43 and b.
43
Let i(c) = 139*c**2 + 112*c**2 - 44*c**2. Let x be i(1). Suppose -y = 5*a - x + 85, -5*a - 274 = -2*y. What is the greatest common divisor of y and 33?
33
Let p(w) = 11*w**2 + w. Let h be p(1). Let m be 2*((-6)/20 + (-10065)/(-550)). Calculate the highest common factor of h and m.
12
Let t be 4*371 + (-3)/(6/(-8)). Calculate the greatest common divisor of t and 651.
93
Let f be (17/(-51))/((-2)/282). Let r = f - 44. Let u be (-3)/(3/(-5*r)). Calculate the greatest common factor of 15 and u.
15
Let n = -316 - -476. Suppose 19*x - 246 = 134. Calculate the greatest common divisor of x and n.
20
Let f be 70 + (3 - 14) - 14. Calculate the highest common divisor of f and 15.
15
Let x be (-615 - -610) + 3*47. Calculate the highest common factor of 1037 and x.
17
Let v = 463 - -267. Suppose v = 3*w + 2*q, 3*q + 140 = 2*w - 325. Calculate the highest common factor of w and 15.
15
Let x be 2/(-8) + (-21)/(-4). Let k be 4 - ((-4)/(-8) - 3/(-2)). Suppose -z - 31 = -k*w, 28*z = 31*z + 3. Calculate the highest common factor of w and x.
5
Suppose -3*d - 2967 = -4*p, 28*d - 33*d + 1503 = 2*p. Calculate the highest common factor of p and 24.
24
Suppose 55*b + 3*v - 391 = 50*b, -3*b + v = -229. Calculate the highest common factor of b and 35.
7
Let l(r) = -1018*r - 2509. Let i be l(-3). What is the greatest common divisor of 2507 and i?
109
Suppose -3379 = -7*j + 2*j + 4*y, j = 3*y + 689. What is the greatest common divisor of 33 and j?
11
Suppose 1850 = -66*r + 56*r. Let n be (-380)/3*222/r. Let q(i) = 10*i**2 + i. Let o be q(-2). Calculate the greatest common divisor of n and o.
38
Suppose 0 = -252*m + 1031435 - 83159. What is the greatest common factor of 265 and m?
53
Let o = 2971 + -2933. Calculate the highest common factor of o and 2033.
19
Let g be 10/3 - ((-225)/(-27) + -7). Suppose t + 4*u - 1124 = 0, -5*u - 73 + 2324 = g*t. Calculate the greatest common divisor of 24 and t.
24
Suppose -71*n - 112*n + 18*n = -49335. Calculate the highest common divisor of n and 506.
23
Let r be ((-2)/4)/(2/(-28)). Suppose -707 = -r*q + 70. What is the greatest common factor of q and 74?
37
Let k = -349 + 417. What is the greatest common factor of k and 1921?
17
Let y be (-14)/63 - 44/(-36) - (-174)/6. Let q be (4 + -1)*(-90)/(-2). What is the greatest common factor of y and q?
15
Let l(s) = 88*s + 1385. Let z be l(-13). What is the greatest common factor of 4 and z?
1
Let p = 232 - 128. Suppose -42640 = 31*k - 42888. What is the highest common divisor of p and k?
8
Let u(c) = -15*c**2 + 205*c - 41. Let f be u(12). Let h be (-2 - -76)/2*2. What is the greatest common divisor of f and h?
37
Let x = -227 - -305. Let y be ((-11)/((-99)/78))/((-1)/(-3)). Calculate the highest common factor of x and y.
26
Let w be (-1 - 1) + -7 + 2346. What is the highest common divisor of 114 and w?
57
Suppose 9880 = 31*l - 74*l + 45*l. Calculate the highest common divisor of l and 152.
76
Suppose -257 = 15*o - 1712. Suppose -o*w = -108*w + 198. Calculate the greatest common divisor of w and 738.
18
Let c(z) = 0*z**3 + 10*z**2 + 192 - z + z**3 - 183. Let r be c(0). Suppose -260 = -5*l + 325. Calculate the highest common factor of r and l.
9
Let d(g) = 0*g**2 + 6*g - 6*g**2 - 7*g**3 + 12*g**3 - 1 - 4*g**3. Let w be d(7). What is the highest common divisor of 306 and w?
18
Suppose -5*d + 4840 = -2*b, -4*d + 380*b - 375*b + 3889 = 0. What is the highest common divisor of d and 759?
69
Let r be 58 + ((-4)/3)/((-46)/69). What is the greatest common factor of r and 6720?
60
Let z be -33*(13/(-78) + 6/(-12)). Calculate the greatest common divisor of z and 456.
2
Suppose 831*j - 827*j + 1292 = 0. Let l = -259 - j. What is the greatest common factor of 16 and l?
16
Let v(o) = o**2 - 332*o - 1923. Let k be v(-6). What is the greatest common divisor of k and 1335?
15
Suppose -20*p = 50*p - 140. Suppose 3*n = 8*n - 4*z - 14, p*n - 2*z - 4 = 0. What is the greatest common divisor of 150 and n?
6
Let o = -102 + 117. Let d be 1982/o - (2 - (-112)/(-60)). What is the highest common divisor of 44 and d?
44
Let i be 1 + (-1 - -3) + 2. Suppose 2*h - 4*h - 3*b + 1 = 0, i*h - 40 = 5*b. Calculate the highest common factor of 45 and h.
5
Let d(u) = -3*u**3 + 5*u**2 - 7*u + 15. Let p be d(5). Let t = 399 + p. Calculate the highest common divisor of 43 and t.
43
Let y = 38829 - 38819. Calculate the greatest common divisor of 506 and y.
2
Let b be 38/9 - (-6)/(-27). Let g = b - 4. Suppose g*x + 2*x = 30. Calculate the greatest common factor of x and 5.
5
Suppose 4*w + q = 7398, 3*q + 4*q - 7386 = -4*w. What is the greatest common factor of w and 148?
74
Suppose -16*l + 6007 + 5955 = 1738. Calculate the greatest common factor of l and 243.
9
Let n(g) = -7*g**2 + 65*g - 18. Let v be n(3). What is the highest common factor of v and 4142?
38
Suppose 8745 = -11*x + 12111. What is the greatest common factor of 846 and x?
18
Suppose 26*a + 198 = 335*a - 11853. Calculate the greatest common factor of 20891 and a.
13
Suppose 5*j = -2*g - 14 + 4, -g = 3*j + 5. Suppose d + 3 = -3*r - j*r, 2*d + 2 = -5*r. Calculate the highest common divisor of 72 and d.
9
Let d(i) = 25*i - 21. Suppose 5*r - 4 - 17 = 3*n, 4*r - 4 = -4*n. Let a be d(r). Calculate the greatest common factor of a and 27.
27
Let h be (1 - (0 + 1 + -1))/1. Suppose -h + 6 = g. Suppose -4*k + 416 = -o + 3*o, 4*k + 1040 = g*o. What is the highest common divisor of 26 and o?
26
Let h = 36995 - 9091. Calculate the greatest common factor of h and 109.
109
Let d(f) = -f**3 + 51*f**2 + 102*f - 29. Let o be d(35). What is the greatest common factor of o and 317?
317
Suppose 2*f + w - 543 = 0, 3*f + 23*w - 807 = 24*w. Let m be 12 - 1*(1 - -1). What is the highest common divisor of m and f?
10
Let c = 4713 + -4704. Calculate the highest common divisor of c and 81.
9
Let p = -193 + 1224. Suppose 0*z = -2*z + 3*b + p, 2*b = 3*z - 1554. Suppose -q = -9*q + z. What is the highest common divisor of q and 26?
13
Let o(q) = -q**3 - 11*q**2 + q + 19. Let t be o(-11). Suppose t*a + 260 = -2*a. Let h = -19 - a. Calculate the greatest common divisor of h and 7.
7
Suppose 24*x + 1300 = 31*x + 18*x. What is the highest common factor of x and 92?
4
Let l be 2 - (-3)/((-395)/(-380) + -1). Let n = 162 - l. Suppose b + 140 = 5*p, 3*b - b = -2*p + 56. What is the greatest common factor of n and p?
28
Let a(h) = h**3 + 19*h**2 + 29*h - 3. Let p be a(-15). Let q = 491 - p. What is the greatest common divisor of 406 and q?
29
Let i be ((-312)/(-208))/(5/1190). Suppose -4*j = -j - 126. What is the greatest common divisor of i and j?
21
Suppose 3*p - 2*b = 14871, -2*p - 3*b + 10349 - 409 = 0. Calculate the greatest common divisor of p and 82.
41
Let r = -12 - -24. Let s = r + 5. Let h = -144 + 280. What is the greatest common factor of s and h?
17
Let u = 14271 - 13218. What is the highest common factor of 620